me?
True
Is 23186987927 prime?
True
Is 3432464401 composite?
False
Is 127465604809 a prime number?
True
Is 918343631 composite?
True
Is 446493119 a prime number?
False
Is 8377626121 a composite number?
True
Is 112735613 a prime number?
False
Is 107377771 composite?
False
Is 17051842229 a composite number?
False
Is 8541891178 a composite number?
True
Is 1622367229 a prime number?
False
Is 11097327353 a composite number?
True
Is 2657020169 prime?
True
Is 2093472181 a prime number?
False
Is 2232641291 a prime number?
False
Is 10804274373 a composite number?
True
Is 1410326251 composite?
False
Is 1238846239 composite?
True
Is 4184512427 a prime number?
False
Is 3607261727 prime?
False
Is 1186855393 a prime number?
False
Is 85819828309 a composite number?
True
Is 76292443 composite?
False
Is 5775441709 composite?
False
Is 12693158473 a prime number?
False
Is 17954485343 a composite number?
True
Is 51924441599 a prime number?
True
Is 1323572677 a composite number?
True
Is 511943203 composite?
True
Is 2674368271 composite?
True
Is 84844363 a composite number?
False
Is 13876250307 prime?
False
Is 2951019557 composite?
False
Is 88594914523 composite?
False
Is 967134283 prime?
False
Is 217918681 composite?
True
Is 8860248763 a composite number?
False
Is 38637839027 a composite number?
True
Is 37357842217 a composite number?
False
Is 25650871833 composite?
True
Is 1139018641 prime?
True
Is 450816752879 a composite number?
False
Is 66999724321 a prime number?
True
Is 3005501951 composite?
False
Is 8676910501 a prime number?
False
Is 686646281 prime?
True
Is 18086730691 a composite number?
True
Is 47334672083 prime?
False
Is 12939873974 prime?
False
Is 845602223 a composite number?
True
Is 1891513941 composite?
True
Is 622032029 composite?
False
Is 1275144989 a composite number?
True
Is 186258200711 a composite number?
True
Is 43444622437 prime?
True
Is 6392492959 prime?
True
Is 225229307 prime?
True
Is 1780583267 a composite number?
True
Is 641619599 prime?
True
Is 7206791719 a composite number?
False
Is 1078030777 a composite number?
False
Is 2389708771 a prime number?
True
Is 355909949 prime?
False
Is 11474647361 a prime number?
True
Is 186384533 prime?
True
Is 598860107 a prime number?
False
Is 670644853013 composite?
True
Is 238725827 a prime number?
False
Is 392464633 prime?
False
Is 246375061 a composite number?
False
Is 1517987521 a composite number?
True
Is 163624577 a prime number?
True
Is 850004669 composite?
False
Is 861553559 a composite number?
False
Is 229960260977 composite?
False
Is 27532994497 a prime number?
True
Is 23468344723 composite?
True
Is 1083876271 composite?
True
Is 21103182421 a prime number?
False
Is 15125548231 prime?
True
Is 19671806783 a prime number?
True
Is 12200817869 a composite number?
True
Is 42529376881 a prime number?
True
Is 1214927353 prime?
False
Is 876716587 a prime number?
False
Is 443084899 a prime number?
True
Is 2003892451 a composite number?
True
Is 1747456573 a composite number?
False
Is 89183158067 a prime number?
True
Is 20922009431 composite?
True
Is 111721027 composite?
True
Is 9007797454 composite?
True
Is 2166532997 a composite number?
True
Is 77121609109 composite?
False
Is 3884529281 a composite number?
False
Is 20207591023 a composite number?
True
Is 110040967409 composite?
False
Is 1310124181 a prime number?
False
Is 5303837017 a prime number?
False
Is 3184486783 composite?
False
Is 2410342811 prime?
True
Is 32696948497 composite?
False
Is 7456261627 a prime number?
False
Is 2781577633 prime?
True
Is 14188736671 prime?
True
Is 2174295169 a prime number?
True
Is 272735651 a prime number?
True
Is 168272353 composite?
True
Is 330611935 composite?
True
Is 45438917 a composite number?
True
Is 65273627 a composite number?
True
Is 32673307699 a prime number?
True
Is 232048661529 a composite number?
True
Is 2110841279 composite?
True
Is 36708032579 a prime number?
True
Is 573288557 composite?
True
Is 276153173 a composite number?
True
Is 36319561847 a prime number?
True
Is 91100477 prime?
False
Is 953704393 prime?
False
Is 1358091223 prime?
False
Is 4445123539 a composite number?
True
Is 3196790981 a composite number?
False
Is 9728000453 composite?
False
Is 587948509 composite?
False
Is 1469619209 composite?
True
Is 643104053 prime?
True
Is 1985421097 a composite number?
True
Is 185952617 a prime number?
True
Is 145376321 a prime number?
True
Is 44126527121 composite?
False
Is 19140821837 prime?
False
Is 4667743121 composite?
True
Is 3108623341 a prime number?
False
Is 12957413437 prime?
False
Is 996832079 composite?
False
Is 63994921 composite?
False
Is 9639946751 prime?
False
Is 39825531517 prime?
True
Is 5302827293 a prime number?
False
Is 1923087619 a prime number?
True
Is 44608721 a composite number?
True
Is 41190155693 a composite number?
True
Is 208012591 composite?
False
Is 13825750399 prime?
True
Is 59453711 composite?
True
Is 7288130533 composite?
True
Is 415712081 a composite number?
False
Is 839269331 a prime number?
True
Is 24806498771 composite?
True
Is 1045859233 prime?
False
Is 30672623363 prime?
True
Is 77451955483 composite?
True
Is 2137283527 a prime number?
True
Is 15823979719 a prime number?
True
Is 8588770139 composite?
False
Is 86012903453 a composite number?
False
Is 18128855531 composite?
False
Is 374342637 composite?
True
Is 89079383329 a composite number?
False
Is 40534975037 composite?
True
Is 13659019811 prime?
True
Is 858256345 a composite number?
True
Is 4541617573 prime?
False
Is 987194847 a prime number?
False
Is 270365261 a composite number?
False
Is 2727236557 a composite number?
False
Is 514775567 a composite number?
False
Is 73606164793 prime?
False
Is 211253166593 prime?
False
Is 706072415 composite?
True
Is 45281656933 a prime number?
True
Is 1320499763 a composite number?
True
Is 775391587 a prime number?
True
Is 17312087 a composite number?
True
Is 1957709333 a composite number?
True
Is 8156072647 prime?
True
Is 4719454321 prime?
True
Is 2553067427 composite?
False
Is 472349873 prime?
False
Is 2639915197 prime?
False
Is 179001715 composite?
True
Is 7616492213 prime?
False
Is 5574387229 prime?
True
Is 300438641 prime?
False
Is 60260239471 a composite number?
False
Is 197540936687 a composite number?
False
Is 1954906831 a composite number?
False
Is 12998635879 prime?
False
Is 1685424869 a composite number?
True
Is 11481845887 prime?
True
Is 543643021 prime?
True
Is 11738270153 a composite number?
True
Is 2382178781 prime?
True
Is 2641988431 a prime number?
True
Is 4839199093 a prime number?
False
Is 9472428409 a composite number?
True
Is 36738540959 a composite number?
True
Is 181070523577 a composite number?
False
Is 75248937217 a prime number?
True
Is 369493417 prime?
True
Is 884720173 a prime number?
False
Is 537590902451 a composite number?
True
Is 639561817 a composite number?
True
Is 10447774751 prime?
True
Is 15255839821 composite?
True
Is 322102127 prime?
True
Is 6597272389 a composite number?
False
Is 8571212101 a prime number?
True
Is 68741743571 prime?
True
Is 51879323 composite?
True
Is 128751250099 a composite number?
True
Is 1747677587 a prime number?
True
Is 1246912937 a composite number?
False
Is 69897807773 a prime number?
True
Is 2475199 composite?
False
Is 416707901 prime?
True
Is 102414649 a prime number?
False
Is 44098536851 prime?
True
Is 16714340221 prime?
False
Is 1169304427 a prime number?
False
Is 1338383821 composite?
False
Is 237921889 a prime number?
True
Is 15706537799 prime?
False
Is 432636506 a prime number?
False
Is 2226957791 a composite number?
False
Is 14806853851 a composite number?
True
Is 1920801299 a prime number?
True
Is 1882962337 composite?
True
Is 809226083 composite?
True
Is 6939357674 prime?
False
Is 18449196971 a composite number?
False
Is 13798590589 a prime number?
False
Is 161812501 prime?
False
Is 3388688273 composite?
True
Is 4231883317 prime?
False
Is 11006753743 prime?
True
Is 31476128111 a prime number?
True
Is 143961659 prime?
False
Is 12150690259 prime?
False
Is 5261439343 composite?
False
Is 3082806773 composite?
False
Is 302837526319 a prime number?
False
Is 2747701427 a composite number?
True
Is 4425969943 prime?
False
Is 1917610039 composite?
False
Is 205120126555 prime?
False
Is 4775868551 composite